{"id":167,"date":"2024-01-10T13:56:13","date_gmt":"2024-01-10T12:56:13","guid":{"rendered":"https:\/\/www.sipam.de\/?page_id=167"},"modified":"2024-01-10T17:59:56","modified_gmt":"2024-01-10T16:59:56","slug":"massnahmen-und-erfolge","status":"publish","type":"page","link":"https:\/\/www.sipam.de\/index.php\/massnahmen-und-erfolge\/","title":{"rendered":"Massnahmen und Erfolge"},"content":{"rendered":"\n<div class=\"wp-block-columns is-layout-flex wp-container-core-columns-is-layout-28f84493 wp-block-columns-is-layout-flex\">\n<div class=\"wp-block-column is-layout-flow wp-block-column-is-layout-flow\" style=\"flex-basis:66.67%\">\n<div class=\"wp-block-media-text has-media-on-the-right is-stacked-on-mobile is-vertically-aligned-center\" style=\"margin-top:0;margin-bottom:0;padding-top:0;padding-right:0;padding-bottom:0;padding-left:0;grid-template-columns:auto 47%\"><div class=\"wp-block-media-text__content\">\n<p class=\"has-contrast-dark-color has-base-background-color has-text-color has-background has-link-color wp-elements-eab6a4bcafa5ce0d940a6c855200002f\" style=\"padding-top:0;padding-right:0;padding-bottom:0;padding-left:0\">Ziel der ergriffenen Ma\u00dfnahmen ist in erster Linie Diebst\u00e4hle aufzudecken. Dar\u00fcber hinaus sollen potenzielle T\u00e4ter abgeschreckt und so zuk\u00fcnftige Diebst\u00e4hle verhindert werden.<br>Als Vorreiter gelten die sogenannten Produktkennzeichnungstechnologien, darunter die k\u00fcnstliche DNA (kDNA). Durch Aufstellen von Warnschildern werden diese zus\u00e4tzlich unterst\u00fctzt. Dar\u00fcber hinaus&nbsp; sollen durch die verst\u00e4rkte Zusammenarbeit mit Ermittlungsbeh\u00f6rden Erfolge im Kampf gegen den Metalldiebstahl erzielt werden.<\/p>\n<\/div><figure class=\"wp-block-media-text__media\"><img loading=\"lazy\" decoding=\"async\" width=\"1024\" height=\"768\" src=\"https:\/\/www.sipam.de\/wp-content\/uploads\/2024\/01\/kDNA-1024x768.jpeg\" alt=\"\" class=\"wp-image-227 size-full\" srcset=\"https:\/\/www.sipam.de\/wp-content\/uploads\/2024\/01\/kDNA-1024x768.jpeg 1024w, https:\/\/www.sipam.de\/wp-content\/uploads\/2024\/01\/kDNA-300x225.jpeg 300w, https:\/\/www.sipam.de\/wp-content\/uploads\/2024\/01\/kDNA-768x576.jpeg 768w, https:\/\/www.sipam.de\/wp-content\/uploads\/2024\/01\/kDNA-1536x1152.jpeg 1536w, https:\/\/www.sipam.de\/wp-content\/uploads\/2024\/01\/kDNA-2048x1536.jpeg 2048w\" sizes=\"auto, (max-width: 1024px) 100vw, 1024px\" \/><\/figure><\/div>\n<\/div>\n\n\n\n<div class=\"wp-block-column is-layout-flow wp-block-column-is-layout-flow\" style=\"flex-basis:33.33%\">\n<h2 class=\"wp-block-heading\">Beitr\u00e4ge<\/h2>\n\n\n        <div class=\"superbaddons-recentposts-wrapper superbaddons-recentposts-alignment-left\">\r\n            <ul class=\"superbaddons-recentposts-list\">\r\n                                    <li class=\"superbaddons-recentposts-item\">\r\n                        <a href=\"https:\/\/www.sipam.de\/index.php\/2024\/01\/11\/case-study-3-deutsche-bahn\/\" >\r\n                            <div class=\"superbaddons-recentposts-item-inner\">\r\n                                                                <div class=\"superbaddons-recentposts-item-right\">\r\n                                                                            <!-- Meta -->\r\n                                        <span style=\"font-size:14px; color:#7C7C7C;\">\r\n                                                                                            <time class=\"superbaddons-recentposts-item-date\">\r\n                                                    11. Januar 2024                                                <\/time>\r\n                                                                                                                                        <span class=\"superbaddons-recentposts-item-author\">\r\n                                                    by Samuel Roberts                                                <\/span>\r\n                                                                                    <\/span>\r\n                                    \r\n                                    <!-- Title -->\r\n                                    <span style=\"font-size:16px; color:#444444;\">Case study 3: Deutsche Bahn<\/span>\r\n\r\n                                                                            <!-- Excerpt -->\r\n                                        <span style=\"font-size:14px; color:#7C7C7C;\">\r\n                                            Buntmetalldiebstahl bei der Deutschen Bahn AG &#8211; Ein Bericht Jahr [&hellip;]                                        <\/span>\r\n                                    \r\n                                                                    <\/div>\r\n                            <\/div>\r\n                        <\/a>\r\n                    <\/li>\r\n                                    <li class=\"superbaddons-recentposts-item\">\r\n                        <a href=\"https:\/\/www.sipam.de\/index.php\/2024\/01\/11\/case-study-2-betriebsanwendung-amprion-gmbh\/\" >\r\n                            <div class=\"superbaddons-recentposts-item-inner\">\r\n                                                                <div class=\"superbaddons-recentposts-item-right\">\r\n                                                                            <!-- Meta -->\r\n                                        <span style=\"font-size:14px; color:#7C7C7C;\">\r\n                                                                                            <time class=\"superbaddons-recentposts-item-date\">\r\n                                                    11. Januar 2024                                                <\/time>\r\n                                                                                                                                        <span class=\"superbaddons-recentposts-item-author\">\r\n                                                    by Samuel Roberts                                                <\/span>\r\n                                                                                    <\/span>\r\n                                    \r\n                                    <!-- Title -->\r\n                                    <span style=\"font-size:16px; color:#444444;\">Case study 2: Betriebsanwendung Amprion GmbH<\/span>\r\n\r\n                                                                            <!-- Excerpt -->\r\n                                        <span style=\"font-size:14px; color:#7C7C7C;\">\r\n                                            Amprion kennzeichnet alle Umspannstationen mit k\u00fcnstlicher DNA. Sehr gut ist [&hellip;]                                        <\/span>\r\n                                    \r\n                                                                    <\/div>\r\n                            <\/div>\r\n                        <\/a>\r\n                    <\/li>\r\n                                    <li class=\"superbaddons-recentposts-item\">\r\n                        <a href=\"https:\/\/www.sipam.de\/index.php\/2024\/01\/10\/case-study-1-deutsche-telekom-ag-deutsche-bahn-ag\/\" >\r\n                            <div class=\"superbaddons-recentposts-item-inner\">\r\n                                                                <div class=\"superbaddons-recentposts-item-right\">\r\n                                                                            <!-- Meta -->\r\n                                        <span style=\"font-size:14px; color:#7C7C7C;\">\r\n                                                                                            <time class=\"superbaddons-recentposts-item-date\">\r\n                                                    10. Januar 2024                                                <\/time>\r\n                                                                                                                                        <span class=\"superbaddons-recentposts-item-author\">\r\n                                                    by Samuel Roberts                                                <\/span>\r\n                                                                                    <\/span>\r\n                                    \r\n                                    <!-- Title -->\r\n                                    <span style=\"font-size:16px; color:#444444;\">Case Study 1: Deutsche Telekom AG &amp; Deutsche Bahn AG<\/span>\r\n\r\n                                                                            <!-- Excerpt -->\r\n                                        <span style=\"font-size:14px; color:#7C7C7C;\">\r\n                                            Seit Anfang Mai 2013 arbeitet die Deutsche Telekom AG mit [&hellip;]                                        <\/span>\r\n                                    \r\n                                                                    <\/div>\r\n                            <\/div>\r\n                        <\/a>\r\n                    <\/li>\r\n                                    <li class=\"superbaddons-recentposts-item\">\r\n                        <a href=\"https:\/\/www.sipam.de\/index.php\/2024\/01\/10\/kuenstliche-dna\/\" >\r\n                            <div class=\"superbaddons-recentposts-item-inner\">\r\n                                                                <div class=\"superbaddons-recentposts-item-right\">\r\n                                                                            <!-- Meta -->\r\n                                        <span style=\"font-size:14px; color:#7C7C7C;\">\r\n                                                                                            <time class=\"superbaddons-recentposts-item-date\">\r\n                                                    10. Januar 2024                                                <\/time>\r\n                                                                                                                                        <span class=\"superbaddons-recentposts-item-author\">\r\n                                                    by Samuel Roberts                                                <\/span>\r\n                                                                                    <\/span>\r\n                                    \r\n                                    <!-- Title -->\r\n                                    <span style=\"font-size:16px; color:#444444;\">K\u00fcnstliche DNA<\/span>\r\n\r\n                                                                            <!-- Excerpt -->\r\n                                        <span style=\"font-size:14px; color:#7C7C7C;\">\r\n                                            Die Produktkennzeichnungstechnologien z.B. auf Basis von k\u00fcnstlicher DNA (kDNA) ist [&hellip;]                                        <\/span>\r\n                                    \r\n                                                                    <\/div>\r\n                            <\/div>\r\n                        <\/a>\r\n                    <\/li>\r\n                            <\/ul>\r\n        <\/div>\r\n<\/div>\n<\/div>\n","protected":false},"excerpt":{"rendered":"<p>Ziel der ergriffenen Ma\u00dfnahmen ist in erster Linie Diebst\u00e4hle aufzudecken. Dar\u00fcber hinaus sollen potenzielle T\u00e4ter abgeschreckt und so zuk\u00fcnftige Diebst\u00e4hle verhindert werden.Als Vorreiter gelten die sogenannten Produktkennzeichnungstechnologien, darunter die k\u00fcnstliche DNA (kDNA). Durch Aufstellen von Warnschildern werden diese zus\u00e4tzlich unterst\u00fctzt. Dar\u00fcber hinaus&nbsp; sollen durch die verst\u00e4rkte Zusammenarbeit mit Ermittlungsbeh\u00f6rden Erfolge im Kampf gegen den Metalldiebstahl [&hellip;]<\/p>\n","protected":false},"author":1,"featured_media":0,"parent":0,"menu_order":0,"comment_status":"closed","ping_status":"closed","template":"","meta":{"ngg_post_thumbnail":0,"footnotes":""},"class_list":["post-167","page","type-page","status-publish","hentry"],"_links":{"self":[{"href":"https:\/\/www.sipam.de\/index.php\/wp-json\/wp\/v2\/pages\/167","targetHints":{"allow":["GET"]}}],"collection":[{"href":"https:\/\/www.sipam.de\/index.php\/wp-json\/wp\/v2\/pages"}],"about":[{"href":"https:\/\/www.sipam.de\/index.php\/wp-json\/wp\/v2\/types\/page"}],"author":[{"embeddable":true,"href":"https:\/\/www.sipam.de\/index.php\/wp-json\/wp\/v2\/users\/1"}],"replies":[{"embeddable":true,"href":"https:\/\/www.sipam.de\/index.php\/wp-json\/wp\/v2\/comments?post=167"}],"version-history":[{"count":7,"href":"https:\/\/www.sipam.de\/index.php\/wp-json\/wp\/v2\/pages\/167\/revisions"}],"predecessor-version":[{"id":231,"href":"https:\/\/www.sipam.de\/index.php\/wp-json\/wp\/v2\/pages\/167\/revisions\/231"}],"wp:attachment":[{"href":"https:\/\/www.sipam.de\/index.php\/wp-json\/wp\/v2\/media?parent=167"}],"curies":[{"name":"wp","href":"https:\/\/api.w.org\/{rel}","templated":true}]}}